35 and r?
5
Let z be (11 + -10)*(-6)/2. Let x be (2 + -647)/z + 1. Suppose -2*s - s = -x. Calculate the greatest common factor of 9 and s.
9
Let x = 19 + 7. Let u = 50 - x. Suppose 0 = 5*g - 6 - u. Calculate the greatest common factor of 2 and g.
2
Let a(z) = -15*z + 4. Let p be (-2 + 3)*-3 + 0. Let q be a(p). What is the highest common divisor of 7 and q?
7
Suppose 0 = -y + 4*y - 45. What is the highest common factor of 3 and y?
3
Let d be 2 + 8*(1 + 0). Let o(x) be the first derivative of x**4/4 + 8*x**3/3 - x**2 - 2*x + 2. Let j be o(-4). Calculate the greatest common factor of j and d.
10
Let j(r) = r**3 + 5*r**2 + r - 7. Let v be j(-4). Suppose h = 2*h - 10. Calculate the highest common factor of h and v.
5
Let d(c) = -4*c**3 - 2*c + 1. Let g be d(1). Suppose 0 = 8*o - 2*o - 42. Let z = o - g. What is the highest common divisor of 36 and z?
12
Let z = -15 + 23. What is the greatest common divisor of z and 64?
8
Let y(p) = 2*p**2 + 3*p - 5. Let z be y(5). Calculate the highest common divisor of 24 and z.
12
Let m(w) = -w**2 - 2*w + 48. Let q be m(0). What is the greatest common factor of q and 8?
8
Suppose 4*d + 394 = 3*x, 4*x - 285 - 203 = -4*d. Calculate the highest common divisor of x and 14.
14
Let a be ((-5)/(-2))/((-28)/(-560)). What is the greatest common factor of a and 350?
50
Suppose r + 12 + 85 = 4*s, s - 5*r = 29. What is the highest common factor of s and 16?
8
Let f(z) = 3*z**3 - 2*z**2 - 2. Let v be f(2). Suppose 7 + v = 3*d. Calculate the greatest common divisor of 63 and d.
7
Let y be ((-10)/(-3))/((-14)/(-21)). Calculate the greatest common factor of 40 and y.
5
Let y(a) = 5*a**2 - a + 2. Suppose -3*g + 4*g - 2 = 0. Let w be y(g). What is the highest common factor of w and 8?
4
Let j be (-4)/12 - (-26)/6. Let c be (2/j)/((-5)/(-10)). Suppose a + c - 5 = 0. Calculate the greatest common factor of a and 32.
4
Suppose 2*c = -2*c - 5*f + 11, -5*c - 3*f = -17. What is the greatest common factor of 52 and c?
4
Let l(k) = -k. Let x be l(-2). Suppose -x*v + 4*c = 0, 9*v + 5*c = 4*v + 15. Suppose 0 = -0*w - 5*w + 10. What is the highest common factor of v and w?
2
Let r(a) = 2*a**2 - 8*a - 4. Let l be r(5). What is the highest common divisor of l and 66?
6
Let r be (6/5)/(21/70). Suppose -2*b = r*u - 194, 3*u + 5*b - 255 = -2*u. What is the highest common divisor of u and 115?
23
Suppose -2*k + 7 = -13. Suppose -2*q = 5*j + 11, 1 + 17 = 3*q - 4*j. Calculate the highest common divisor of q and k.
2
Let n be (66/(-55))/(3/(-10)). Let a be 2/6 + 2/3. Calculate the greatest common divisor of a and n.
1
Let u = 119 - 56. What is the highest common divisor of 21 and u?
21
Suppose -68 + 20 = 2*u. Let p = -12 - u. Calculate the highest common divisor of 108 and p.
12
Let v = -3 - -2. Let c be (0 - -1) + 92/v. Let o = -46 - c. What is the highest common factor of o and 15?
15
Let t(m) = 298*m**2 - 1. Let r be t(1). Calculate the highest common factor of r and 27.
27
Let l = -56 + 147. What is the highest common divisor of 13 and l?
13
Suppose 2*t - 143 - 1 = 0. Let i be (-1 + -1 + -16)/(24/(-64)). What is the highest common factor of t and i?
24
Let u(h) = -3*h + 3*h - h. Let s be u(-6). Suppose -g + 4*q = -17, 2*q + s = 3*g + 5*q. What is the highest common divisor of g and 55?
5
Suppose 2*q = -q + 6. Suppose 4*v = -8, -q*w + 0*w + 74 = 3*v. Let u be 3/(5/(25/3)). Calculate the highest common factor of u and w.
5
Let y = -6 + 54. Suppose -12 = -0*z - z. Calculate the highest common divisor of y and z.
12
Let t be (-279)/186*((-28)/6)/1. Suppose -4*y + 0*y = -252. What is the greatest common factor of y and t?
7
Let h(a) = 3*a - 3. Let u(w) = -2*w + 3. Let i(x) = 3*h(x) + 4*u(x). Let l be i(7). Calculate the highest common factor of l and 5.
5
Suppose -p = 0, -70 - 30 = 5*n + p. Suppose -3*k + 116 = 4*f + k, 4*k - 48 = -2*f. Let g = n + f. What is the highest common divisor of 7 and g?
7
Suppose 2*b - 4*b = -2*d - 16, 43 = 5*b - 2*d. Calculate the highest common divisor of 9 and b.
9
Let a(k) = 3*k - 1. Let f be a(3). Suppose f = 2*s - 64. What is the highest common divisor of 4 and s?
4
Suppose 5*j = -25 + 75. Suppose 0 = 2*h + 5*z - 0*z - j, -h + 4 = 3*z. Let b = 105 - 35. Calculate the greatest common factor of h and b.
10
Let b(q) = 40*q**3 + q**2 - 7*q + 6. Let v be b(1). Calculate the highest common factor of v and 8.
8
Let a be 8/3*(2 - -1). Calculate the greatest common divisor of a and 88.
8
Let h = 20 + -14. What is the highest common divisor of h and 24?
6
Suppose 2*n - 4*b + 1 = 219, -n - 5*b = -137. Calculate the greatest common divisor of 13 and n.
13
Let p(w) = 11*w**2. Let s be p(-3). Suppose x = -6*x + 63. What is the highest common factor of x and s?
9
Let h(g) be the first derivative of 8*g**3/3 - 5*g**2/2 - 3*g + 2. Let k be h(-3). Calculate the highest common divisor of k and 12.
12
Let a(r) = 14*r**2 + 53*r - 9. Let k(i) = 5*i**2 + 18*i - 3. Let n(t) = 6*a(t) - 17*k(t). Let x be n(10). What is the highest common divisor of x and 85?
17
Let q = 84 + -56. What is the greatest common divisor of q and 4?
4
Let i = -25 - -74. Suppose -v + i = -15. What is the greatest common factor of v and 8?
8
Suppose 3*r = 2*r + 24. Suppose 2*x - r = -4*m, 5*x - 21 - 47 = -2*m. Let n = x - 8. What is the greatest common factor of n and 48?
6
Let a = -5 + 1. Let f(x) be the first derivative of -x**2 + x + 4. Let b be f(a). Calculate the highest common factor of b and 9.
9
Suppose s + 2*n - 7 - 7 = 0, n = -s + 17. What is the greatest common divisor of s and 20?
20
Let n(i) = -i + 12. Let g be n(3). Let q(z) = -z + 90. Let r be q(0). Calculate the highest common factor of r and g.
9
Let f = -1 - -5. Calculate the highest common divisor of f and 124.
4
Let g = -4 - -6. Let d be (2 + 8)/(g/3). Calculate the greatest common factor of d and 15.
15
Suppose 4*s - 7*s = -18. Suppose 0 = g - s*g + 5. Let a be 26*g/(-4)*-2. Calculate the highest common factor of a and 26.
13
Let l(b) = 4*b + 4. Let r = -2 + 5. Let p be l(r). Calculate the greatest common divisor of p and 160.
16
Suppose 4*k - 3*a - 4 = 8, 3*k = 2*a + 9. Suppose -5*d - 11 = 4, k*v - 3*d = 42. Calculate the greatest common divisor of 88 and v.
11
Let m = -17 + 21. What is the highest common divisor of m and 6?
2
Let g = 25 - 17. Calculate the highest common divisor of 72 and g.
8
Let p be (-1 - -10)*71/(-3). Let q = p - -313. Calculate the highest common factor of q and 20.
20
Let p be ((-1)/1)/(1/(-6)). Suppose -5*f + p*t = 3*t - 283, 0 = -2*f - 3*t + 109. Suppose 0 = 4*m - f - 24. What is the greatest common divisor of m and 50?
10
Let h = -15 - -44. Calculate the greatest common factor of h and 261.
29
Suppose -2008 + 308 = -17*r. What is the greatest common factor of r and 75?
25
Suppose -39*s = -34*s - 240. Calculate the greatest common factor of s and 32.
16
Let f = 42 - 23. Let n = f - 4. Let g be (1*163 - -1) + 1. Calculate the greatest common factor of n and g.
15
Let u(r) = -2*r**3 + 4*r**2 - 5*r + 3. Let z be u(3). Let w = -6 - z. Calculate the greatest common factor of w and 48.
24
Let i be ((-4)/10)/((-3)/30). Suppose 0 + 4 = 2*n + h, -4*n = 5*h + i. What is the highest common factor of 6 and n?
2
Let z(p) = 2*p**2 + 9*p + 2. Let d be z(-6). Let y(f) = 6*f + 2. Let k be y(-2). Let c be (-5)/k - 118/(-4). Calculate the greatest common factor of c and d.
10
Suppose l - 5*l = -40. Let c be -1 + (l - 1/(-1)). Suppose -r + 2*r = 70. Calculate the greatest common factor of c and r.
10
Let k(j) = -j**3 + 6*j**2 + j - 6. Suppose -4*l + 3*l = -5. Let i be k(l). Calculate the highest common factor of i and 16.
8
Suppose -3*d = 3*j - 75, 4 - 24 = 4*d. Calculate the greatest common factor of j and 20.
10
Suppose 0 = q + 6 - 8. Suppose -3*g - q = -5*g. What is the greatest common factor of g and 8?
1
Let s be (-490)/(-26) + (-38)/(-247). Calculate the greatest common divisor of s and 152.
19
Let h(l) = l + 5. Let y be h(3). Calculate the greatest common factor of 24 and y.
8
Let l = 4 + 8. Let s be 292/18 - l/54. Calculate the greatest common factor of 2 and s.
2
Let c(l) = -13*l + 7. Let w be c(6). Let z = 107 + w. What is the greatest common divisor of 4 and z?
4
Let d(h) = h**3 - 16*h**2 + 19*h - 9. Let n be d(15). Calculate the greatest common divisor of 17 and n.
17
Suppos